{"id":761,"date":"2018-12-17T11:04:47","date_gmt":"2018-12-17T10:04:47","guid":{"rendered":"http:\/\/www.sentinel-max.hu\/?page_id=761"},"modified":"2025-02-19T16:40:41","modified_gmt":"2025-02-19T15:40:41","slug":"kiegeszito-szolgaltatasok","status":"publish","type":"page","link":"https:\/\/www.sentinel-max.hu\/?page_id=761","title":{"rendered":"Kieg\u00e9sz\u00edt\u0151 szolg\u00e1ltat\u00e1sok"},"content":{"rendered":"\t\t<div data-elementor-type=\"wp-page\" data-elementor-id=\"761\" class=\"elementor elementor-761\">\n\t\t\t\t<div class=\"elementor-element elementor-element-e2396a3 e-con-full e-flex wpr-particle-no wpr-jarallax-no wpr-parallax-no wpr-sticky-section-no wpr-equal-height-no e-con e-parent\" data-id=\"e2396a3\" data-element_type=\"container\" data-e-type=\"container\">\n\t\t<div class=\"elementor-element elementor-element-be873a2 e-flex e-con-boxed wpr-particle-no wpr-jarallax-no wpr-parallax-no wpr-sticky-section-no wpr-equal-height-no e-con e-child\" data-id=\"be873a2\" data-element_type=\"container\" data-e-type=\"container\" data-settings=\"{&quot;background_background&quot;:&quot;classic&quot;}\">\n\t\t\t\t\t<div class=\"e-con-inner\">\n\t\t\t\t<div class=\"elementor-element elementor-element-73c0d45 elementor-widget elementor-widget-heading\" data-id=\"73c0d45\" data-element_type=\"widget\" data-e-type=\"widget\" data-widget_type=\"heading.default\">\n\t\t\t\t<div class=\"elementor-widget-container\">\n\t\t\t\t\t<h2 class=\"elementor-heading-title elementor-size-default\">Kieg\u00e9sz\u00edt\u0151 Szolg\u00e1ltat\u00e1sok<\/h2>\t\t\t\t<\/div>\n\t\t\t\t<\/div>\n\t\t\t\t\t<\/div>\n\t\t\t\t<\/div>\n\t\t\t\t<\/div>\n\t\t<div class=\"elementor-element elementor-element-4b0d8b4d e-flex e-con-boxed wpr-particle-no wpr-jarallax-no wpr-parallax-no wpr-sticky-section-no wpr-equal-height-no e-con e-parent\" data-id=\"4b0d8b4d\" data-element_type=\"container\" data-e-type=\"container\">\n\t\t\t\t\t<div class=\"e-con-inner\">\n\t\t\t\t<div class=\"elementor-element elementor-element-4331aee8 elementor-widget elementor-widget-text-editor\" data-id=\"4331aee8\" data-element_type=\"widget\" data-e-type=\"widget\" data-widget_type=\"text-editor.default\">\n\t\t\t\t<div class=\"elementor-widget-container\">\n\t\t\t\t\t\t\t\t\t\n<p>A kieg\u00e9sz\u00edt\u0151 szolg\u00e1ltat\u00e1saink igen kedvez\u0151 d\u00edjjal a szolg\u00e1ltat\u00e1sok f\u00fcggv\u00e9ny\u00e9ben vehet\u0151k ig\u00e9nybe!<\/p>\n\n<p><strong>Intervallum figyel\u00e9s: <\/strong>A megrendel\u0151 meghat\u00e1rozhatja azt az id\u0151szakot, amikor a nyit\u00e1s-z\u00e1r\u00e1s t\u00f6rt\u00e9nik. A z\u00e1r\u00e1s \u00e9s a nyit\u00e1s k\u00f6z\u00f6tt eltelt id\u0151ben figyelj\u00fck, hogy \u00e9rv\u00e9nyes k\u00f3ddal t\u00f6rt\u00e9nik-e nyit\u00e1s vagy z\u00e1r\u00e1s. Amennyiben a tiltott intervallumban nyitj\u00e1k vagy z\u00e1rj\u00e1k, a rendszert \u00e9rtes\u00edtj\u00fck az int\u00e9zked\u00e9si tervben megadott szem\u00e9lyeket.<\/p>\n\n<p><strong>Nyit\u00e1s-z\u00e1r\u00e1s jelz\u00e9s:<\/strong> A nyit\u00e1s-z\u00e1r\u00e1s jelz\u00e9sek a riaszt\u00f3rendszer be- \u00e9s kikapcsol\u00e1s\u00e1nak jelz\u00e9sei. Ezzel ellen\u0151rizhet\u0151, hogy mikor kapcsolt\u00e1k ki vagy kapcsolt\u00e1k be a figyelt objektumban a rendszert. A szolg\u00e1ltat\u00e1shoz elengedhetetlen a rendszer megfelel\u0151 programoz\u00e1sa. A szolg\u00e1ltat\u00e1s megrendel\u00e9se eset\u00e9n a sz\u00e1mla mell\u00e9kletek\u00e9nt elpost\u00e1zzuk. A kezel\u0151i k\u00f3dokkal \u00e9s id\u0151ponttal be\u00e9rkez\u0151 jelz\u00e9sek seg\u00edts\u00e9g\u00e9vel ellen\u0151rizhet\u0151 p\u00e9ld\u00e1ul az alkalmazottak munkaid\u0151n k\u00edv\u00fcli bej\u00e1r\u00e1sa.<\/p>\n\n<p><strong>P\u00e1nik \u2013 t\u00e1mad\u00e1sjelz\u00e9s:<\/strong> ha \u00d6n t\u00e1mad\u00e1s \u00e9ri lehet\u0151s\u00e9ge van arra, hogy a helyi szir\u00e9na megsz\u00f3lal\u00e1sa n\u00e9lk\u00fcl riaszt\u00e1s \u00e9rkezzen a k\u00f6zpontba. Azonnal a rend\u0151rs\u00e9get \u00e9rtes\u00edtj\u00fck.<br \/>Tesztjelent\u00e9s: A rendszer a be\u00e1ll\u00edtott id\u0151ben tesztjelent\u00e9seket k\u00fcld a diszp\u00e9cser k\u00f6zpontba. Ez\u00e1ltal leellen\u0151rizhet\u0151 a kapcsolat a v\u00e9dett objektum \u00e9s a k\u00f6zpont k\u00f6z\u00f6tt. A jelent\u00e9s elmarad\u00e1sa eset\u00e9n megfelel\u0151 int\u00e9zked\u00e9s t\u00f6rt\u00e9nik.<\/p>\n\n<p><strong>T\u0171zjelz\u00e9s, sz\u00e9n-monoxid \u00e9rz\u00e9kel\u00e9s: <\/strong>A riaszt\u00f3rendszer r\u00e9szek\u00e9nt telep\u00edtett \u00e9rz\u00e9kel\u0151k \u00e1ltal k\u00fcld\u00f6tt jelz\u00e9sek fogad\u00e1sa.<\/p>\n\n<p><strong>Z\u00e1r\u00e1s kimarad\u00e1s figyel\u00e9se: <\/strong>A megrendel\u0151 \u00e1ltal meghat\u00e1roz\u00e1sra ker\u00fcl az az id\u0151pont ameddig a v\u00e9dett objektum riaszt\u00f3rendszer\u00e9t \u00e9les\u00edteni kell. Amennyiben ezt elmulasztott\u00e1k \u00e9rtes\u00edtj\u00fck \u00d6nt vagy az \u00d6n \u00e1ltal megadott szem\u00e9lyeket.<\/p>\n\n<p>Riaszt\u00f3rendszerek telep\u00edt\u00e9se, mely ingyenes helysz\u00edni felm\u00e9r\u00e9s ut\u00e1n az \u00fcgyf\u00e9l ig\u00e9nye, az adott objektum adotts\u00e1ga <em>(ak\u00e1r k\u00fclt\u00e9ren is)<\/em>, \u00e9s a szakembereink javaslata alapj\u00e1n k\u00e9sz\u00fcl el.<\/p>\n\n<p>M\u00e1s \u00e1ltal telep\u00edtett riaszt\u00f3rendszerek fel\u00fclvizsg\u00e1lata.<\/p>\n\n<p>Riaszt\u00f3rendszerek rendszeres karbantart\u00e1sa a t\u00e9ves jelz\u00e9sek cs\u00f6kkent\u00e9s\u00e9rt.<\/p>\n\n<p>Kamer\u00e1s megfigyel\u0151rendszerek, munkaid\u0151 nyilv\u00e1ntart\u00f3k, t\u0171zjelz\u0151 rendszerek tervez\u00e9se, \u00e9s ki\u00e9p\u00edt\u00e9se.<\/p>\n\n<p>Telephelyek, rendezv\u00e9nyek \u00e9l\u0151er\u0151s biztos\u00edt\u00e1sa, ig\u00e9ny szerint fegyverrel, vagy kuty\u00e1s \u0151rrel.<\/p>\n\t\t\t\t\t\t\t\t<\/div>\n\t\t\t\t<\/div>\n\t\t\t\t\t<\/div>\n\t\t\t\t<\/div>\n\t\t\t\t<\/div>\n\t\t","protected":false},"excerpt":{"rendered":"<p>Kieg\u00e9sz\u00edt\u0151 Szolg\u00e1ltat\u00e1sok A kieg\u00e9sz\u00edt\u0151 szolg\u00e1ltat\u00e1saink igen kedvez\u0151 d\u00edjjal a szolg\u00e1ltat\u00e1sok f\u00fcggv\u00e9ny\u00e9ben vehet\u0151k ig\u00e9nybe! Intervallum figyel\u00e9s: A megrendel\u0151 meghat\u00e1rozhatja azt az id\u0151szakot, amikor a nyit\u00e1s-z\u00e1r\u00e1s t\u00f6rt\u00e9nik. A z\u00e1r\u00e1s \u00e9s a nyit\u00e1s k\u00f6z\u00f6tt eltelt id\u0151ben figyelj\u00fck, hogy \u00e9rv\u00e9nyes k\u00f3ddal t\u00f6rt\u00e9nik-e nyit\u00e1s vagy z\u00e1r\u00e1s. Amennyiben a tiltott intervallumban nyitj\u00e1k vagy z\u00e1rj\u00e1k, a rendszert \u00e9rtes\u00edtj\u00fck az int\u00e9zked\u00e9si tervben megadott szem\u00e9lyeket. Nyit\u00e1s-z\u00e1r\u00e1s jelz\u00e9s: A nyit\u00e1s-z\u00e1r\u00e1s jelz\u00e9sek a riaszt\u00f3rendszer be- \u00e9s kikapcsol\u00e1s\u00e1nak jelz\u00e9sei. Ezzel ellen\u0151rizhet\u0151, hogy mikor kapcsolt\u00e1k ki vagy kapcsolt\u00e1k be a figyelt objektumban a rendszert. A szolg\u00e1ltat\u00e1shoz elengedhetetlen a rendszer megfelel\u0151 programoz\u00e1sa. A szolg\u00e1ltat\u00e1s megrendel\u00e9se eset\u00e9n a sz\u00e1mla mell\u00e9kletek\u00e9nt elpost\u00e1zzuk. A kezel\u0151i k\u00f3dokkal \u00e9s id\u0151ponttal be\u00e9rkez\u0151 jelz\u00e9sek seg\u00edts\u00e9g\u00e9vel ellen\u0151rizhet\u0151 p\u00e9ld\u00e1ul az alkalmazottak munkaid\u0151n k\u00edv\u00fcli bej\u00e1r\u00e1sa. P\u00e1nik \u2013 t\u00e1mad\u00e1sjelz\u00e9s: ha \u00d6n t\u00e1mad\u00e1s \u00e9ri lehet\u0151s\u00e9ge van arra, hogy a helyi szir\u00e9na megsz\u00f3lal\u00e1sa n\u00e9lk\u00fcl riaszt\u00e1s \u00e9rkezzen a k\u00f6zpontba. Azonnal a rend\u0151rs\u00e9get \u00e9rtes\u00edtj\u00fck.Tesztjelent\u00e9s: A rendszer a be\u00e1ll\u00edtott id\u0151ben tesztjelent\u00e9seket k\u00fcld a diszp\u00e9cser k\u00f6zpontba. Ez\u00e1ltal leellen\u0151rizhet\u0151 a kapcsolat a v\u00e9dett objektum \u00e9s a k\u00f6zpont k\u00f6z\u00f6tt. A jelent\u00e9s elmarad\u00e1sa eset\u00e9n megfelel\u0151 int\u00e9zked\u00e9s t\u00f6rt\u00e9nik. T\u0171zjelz\u00e9s, sz\u00e9n-monoxid \u00e9rz\u00e9kel\u00e9s: A riaszt\u00f3rendszer r\u00e9szek\u00e9nt telep\u00edtett \u00e9rz\u00e9kel\u0151k \u00e1ltal k\u00fcld\u00f6tt jelz\u00e9sek fogad\u00e1sa. Z\u00e1r\u00e1s kimarad\u00e1s figyel\u00e9se: A megrendel\u0151 \u00e1ltal meghat\u00e1roz\u00e1sra ker\u00fcl az az id\u0151pont ameddig a v\u00e9dett objektum riaszt\u00f3rendszer\u00e9t \u00e9les\u00edteni kell. Amennyiben ezt elmulasztott\u00e1k \u00e9rtes\u00edtj\u00fck \u00d6nt vagy az \u00d6n \u00e1ltal megadott szem\u00e9lyeket. Riaszt\u00f3rendszerek telep\u00edt\u00e9se, mely ingyenes helysz\u00edni felm\u00e9r\u00e9s ut\u00e1n az \u00fcgyf\u00e9l ig\u00e9nye, az adott objektum adotts\u00e1ga (ak\u00e1r k\u00fclt\u00e9ren is), \u00e9s a szakembereink javaslata alapj\u00e1n k\u00e9sz\u00fcl el. M\u00e1s \u00e1ltal telep\u00edtett riaszt\u00f3rendszerek fel\u00fclvizsg\u00e1lata. Riaszt\u00f3rendszerek rendszeres karbantart\u00e1sa a t\u00e9ves jelz\u00e9sek cs\u00f6kkent\u00e9s\u00e9rt. Kamer\u00e1s megfigyel\u0151rendszerek, munkaid\u0151 nyilv\u00e1ntart\u00f3k, t\u0171zjelz\u0151 rendszerek tervez\u00e9se, \u00e9s ki\u00e9p\u00edt\u00e9se. Telephelyek, rendezv\u00e9nyek \u00e9l\u0151er\u0151s biztos\u00edt\u00e1sa, ig\u00e9ny szerint fegyverrel, vagy kuty\u00e1s \u0151rrel.<\/p>\n","protected":false},"author":1,"featured_media":0,"parent":0,"menu_order":0,"comment_status":"closed","ping_status":"closed","template":"elementor_canvas","meta":{"_themeisle_gutenberg_block_has_review":false,"footnotes":""},"class_list":["post-761","page","type-page","status-publish","hentry"],"_links":{"self":[{"href":"https:\/\/www.sentinel-max.hu\/index.php?rest_route=\/wp\/v2\/pages\/761","targetHints":{"allow":["GET"]}}],"collection":[{"href":"https:\/\/www.sentinel-max.hu\/index.php?rest_route=\/wp\/v2\/pages"}],"about":[{"href":"https:\/\/www.sentinel-max.hu\/index.php?rest_route=\/wp\/v2\/types\/page"}],"author":[{"embeddable":true,"href":"https:\/\/www.sentinel-max.hu\/index.php?rest_route=\/wp\/v2\/users\/1"}],"replies":[{"embeddable":true,"href":"https:\/\/www.sentinel-max.hu\/index.php?rest_route=%2Fwp%2Fv2%2Fcomments&post=761"}],"version-history":[{"count":11,"href":"https:\/\/www.sentinel-max.hu\/index.php?rest_route=\/wp\/v2\/pages\/761\/revisions"}],"predecessor-version":[{"id":2097,"href":"https:\/\/www.sentinel-max.hu\/index.php?rest_route=\/wp\/v2\/pages\/761\/revisions\/2097"}],"wp:attachment":[{"href":"https:\/\/www.sentinel-max.hu\/index.php?rest_route=%2Fwp%2Fv2%2Fmedia&parent=761"}],"curies":[{"name":"wp","href":"https:\/\/api.w.org\/{rel}","templated":true}]}}